 7)?
21
Calculate 1 + 9 + (-1 - (5 - -6 - 2)).
0
What is the value of (21 - 14) + 6 + 1 - (7 + 0)?
7
-40 - ((-33 - 25) + 40)
-22
What is -11 + 13 + -13 + 4 + 2?
-5
Calculate -5 + (-19 - -2) + 27.
5
What is (0 + -4 + -2 + 7 - 7) + 2?
-4
What is the value of 7 + (12 - (-2 + 12))?
9
What is 6 + (5 - (6 - 2) - 6) + 0?
1
Calculate 15 + -28 + 16 - (1 + -2 + -9).
13
(-8 - (-2 - 0)) + 29 + -27 + 18
14
What is the value of (-43 + 53 - 33) + (1 - -12)?
-10
Calculate -33 - (15 + -16 - 9 - -9).
-32
What is the value of (3 - 16) + 15 + (-1 - -6)?
7
Evaluate 20 + -10 - (-3 - -6).
7
What is the value of -10 + (-18 - -10) - -31?
13
What is -6 + 15 - (-4 - (-8 + (-9 - -10)))?
6
-3 + -21 - 0 - -26
2
What is (5 - (-9 - -8) - (3 + -4)) + -1?
6
What is the value of -4 + -1 - (-7 - (-11 + 5 + -16))?
-20
-15 + (0 - 4) + 34
15
What is the value of (39 + -22 - 43) + 0 + -1 - -4?
-23
Calculate (-10 - -18) + (3 - 9) + 10 + -7.
5
What is the value of (0 + -5 + 3 + 0 - -9) + 4?
11
What is the value of -9 - (-9 - 3 - -4 - 19)?
18
Calculate 1 + 1 + -8 - (54 - (9 - -30)).
-21
Evaluate (-21 - (-2 + -15)) + -10.
-14
Evaluate 18 + 1 + 15 + -25 + (-8 - 0).
1
-1948 + 1932 - (-1 + 6)
-21
What is the value of (1 - 1) + -31 + -14 + 33?
-12
Calculate (31 - 17) + -17 + 9 + 2.
8
What is 7 - (1 + -5 + 18 - 12)?
5
Evaluate 631 + -625 + ((0 - -3) + -2 - -3).
10
Calculate (-3 - -5) + 0 + -5 + 22 + -7.
12
What is the value of (8 - -37) + (-46 - -24)?
23
What is -5 + (16 - 34) + 24?
1
What is the value of 0 + -3 + (-11 - -3) + -5 + 3?
-13
What is (1 - 4) + 3 + (-9 - -13)?
4
Evaluate (-7 - 1) + -22 - -12.
-18
Evaluate (-28 - -97 - 24) + -26.
19
-42 + (-30 - (4 + -47))
-29
What is 2 + -12 + 2 - -24?
16
Evaluate 11 - 8 - (1 + (-3 - -6)).
-1
5 + (-6 + -6 + -5 + 47 - 3)
32
Calculate 2 + (12 + -12 - ((1 - 4) + 7)).
-2
What is the value of (9 - 0) + -8 + (-3 - 3)?
-5
What is the value of 15 - (-10 + 3 + 22)?
0
What is (-35 - (2 - 9)) + (-3 - -3)?
-28
What is the value of 0 - 1 - (-37 - -1) - (-3780 + 3786)?
29
Evaluate 5 - (14 + -13 - (0 + 7)).
11
Calculate 137 - 126 - (8 + 1 + -3).
5
What is the value of -155 + 155 - (2 - -1 - 11)?
8
Evaluate -8 + -19 + (0 + -11 - -61).
23
Evaluate -4 + 3 - -1 - (15 - 10) - -20.
15
What is the value of -15 - (-15 + (3 - -1) - (5 - 9))?
-8
Evaluate 3 + -6 + 5 + 1 - -8.
11
Calculate 27 + 27 + -14 - 47.
-7
Evaluate 925 + -931 + (2 - (0 + 1)) - -2.
-3
-731 + 745 - (0 + -9 + 2)
21
(-3 - 7 - (-13 - -17)) + (1 - -4)
-9
What is the value of -11 - ((7 - 6) + -9 + 1)?
-4
What is the value of 15 + (-7 + 18 + -12 - 8 - -3)?
9
Calculate -97 + 130 + (-14 - (-2 - -4)).
17
Evaluate -2 + -7 + -6 + -1 + 20 + 6.
10
What is -71 + 93 + (-4 - 19)?
-1
What is the value of (-28 - (-1 - 13)) + -7?
-21
Evaluate -7 + 5 - (2 - (5 + 10)).
11
Evaluate -33 + (-10 + -9 + 26 - -8).
-18
Evaluate (1 - 2) + 2 + -54 + 47.
-6
(3 + -14 - (4 + -5) - 17) + 9
-18
Evaluate -2 - 0 - -7 - (-38 + 38).
5
Evaluate 28 + 2 + -101 + 86 - 33.
-18
Evaluate 8 - 1 - (-7 + 17 + (0 - 14)).
11
Calculate -21 + (-13 + 42 - 20).
-12
What is the value of -2 - 4 - -6 - (-3 + 5 - 1)?
-1
What is 19 - -1 - (1453 - 1433)?
0
14 + (10 - -12) + -44
-8
Calculate 18 - (-29 + 58) - (1 - 8).
-4
What is the value of 51 + 8 + 1 + 48 + -73?
35
48 - 33 - (-3 - (-31 + 10))
-3
Calculate 34 - 99 - (-33 - -9).
-41
What is (3 - (-4 - -3)) + 6 - 7?
3
What is 3 + 21 - (165 + -155)?
14
What is the value of 5 + (-10 - (-4 - 7 - 0))?
6
Evaluate 2 - -16 - (-42 - (-28 + -32)).
0
Calculate (0 - 2) + 12 + -10 + -1 - 21.
-22
What is (-3 + 9 - (0 - 3)) + -2 + -4?
3
Evaluate -11 - (10 - (-18 + 47)).
8
Evaluate (1 - -17) + 28 + -39.
7
What is the value of -35 + 32 - (6 + -2 + 0)?
-7
Evaluate -21 - -5 - (-11 - -2).
-7
What is 9 + (-3 - (12 - 19))?
13
What is 42 + 9 + -30 + 0?
21
Evaluate 1 + -7 + 4 + 9.
7
What is the value of -1 + (-14 - (9 - 15)) + 10?
1
What is the value of 1 - (-6 - (-5 + -12))?
-10
Evaluate -8 - ((6 - (-1 + -14)) + -5).
-24
What is the value of (13 + -1 - (18 + -12)) + 5?
11
Evaluate (6 - 4) + (7 - (8 - -2)).
-1
Evaluate 36 - (-6 + 0 - (-174 + 160)).
28
Evaluate (-18 - (-25 + -18)) + -20.
5
(10 + -19 + -34 - -2) + 4
-37
(-1 - -8 - 0) + (-1 - (144 - 111))
-27
23 + -13 + (27 - 6)
31
What is -1 + 0 + (-24 - -29 - (5 + 5))?
-6
What is -11 + (-8 - -6) + 8 + 24?
19
What is the value of -6 - (-36 + 23) - (10 + 1)?
-4
What is the value of 345 + -356 + (-15 - 1)?
-27
What is (-239 + 216 - (-1 + 8)) + 17?
-13
Evaluate (-5 + 2 - (14 - 13)) + 16 + -2.
10
-10 + 17 + -19 + 8
-4
What is the value of 0 + -2 + (-10 - -29 - 9)?
8
Evaluate 6 + 0 - ((16 - 19) + 9 + -9).
9
-10 - (-5 + -19 + -12 + 11 + -4)
19
Evaluate -8 + (-3 - -8) - (-13 + (-1 - -3)).
8
What is the value of (1 - -13) + (217 - 224)?
7
Calculate 3 - (-65 - (43 - 74)).
37
What is the value of 24 + (-12 - -3) - 24?
-9
-25 - (-24 - 29) - 29
-1
Evaluate (-4 - ((1 - 13) + 28 + -23)) + -13.
-10
Calculate (2 - (-6 + 0)) + (-115 - -106) - 39.
-40
Calculate (-4 + (-4 - -23) - 4) + 219 + -197.
33
Evaluate 43 + -16 - 37 - (1 + -21).
10
Calculate -20 - (0 + -6 + -1 - -1).
-14
-533 + 524 + (8 - (1 + -3))
1
What is the value of -11 + (18 - 4) + 0 + 1 + -2?
2
(41 + -29 - 3) + 23
32
11 + (-7 - (-13 - -20))
-3
What is 8 + 3 - (6 - (0 + 4) - -5)?
4
What is -14 + (1 - (-5 - -2)) + (138 - 127)?
1
Evaluate (19 - ((18 - (2 - -7)) + -2)) + 2.
14
What is 12 + (3 - (-8 - -23)) - 11?
-11
Evaluate -6 - (-6 + 9 + -7) - (-4 - -2).
0
What is the value of (9 - (-122 + 147)) + 0 + 1 + -1?
-16
What is the value of -27 - (59 - 75 - (-12 + 5))?
-18
6 + -1 + (-31 - -36 - -12)
22
-20 + 49 + -21 + -13
-5
Evaluate 37 - (0 - -20) - 46.
-29
What is the value of -20 + 38 + -27 + 19?
10
Evaluate 6 - (-1 - (15 + -6) - -5).
11
What is the value of 13 + (1 + -5 - 3)?
6
Evaluate -2 + 3 - 3 - (28 + (-11 - 8)).
-11
Calculate -85 - -143 - 34 - (-1 - -14).
11
Calculate (-7 + 7 - 8) + 5 + 7.
4
Evaluate -39 - -71 - (-9 + 43).
-2
(-600 - -594) + 2 + (-10 - 2)
-16
(-5 + 6 + 4 - 7) + 0 + 6
4
Calculate (-8 - -17 - 6) + -25 + (5 - 1).
-18
Calculate -17 - 7 - -1 - 6.
-29
What is -2 + 2 - (-3 - -3)?
0
What is the value of (12 - 1) + 50 + -62?
-1
Calculate 37 + (-19 - -16) - 2 - (6 - 0).
26
What is (-243 - -257) + (0 - 1 - 2)?
11
What is the value of 24 - 1 - (-610 - -623)?
10
What is (-9 - 28) + 45 - (-2 - 14)?
24
What is 5 + -2 - (11 + (-14 - 13))?
19
-1 + -9 + 1 + -2 + 21
10
Evaluate -23 + 5 + -11 + -1 + 15 + -7.
-22
What is the value of (2 - -1) + -7 - (0 - -14 - 16)?
-2
What is 21 + (0 - (-1 - -13 - 5))?
14
Evaluate -13 + -1 - (4 + -28).
10
(10 - (1 - 0)) + -1 - 1
7
What is the value of (3 - 1) + -10 - -9?
1
What is the value of 31 + -3 + -24 + 0 + 1?
5
What is the value of (-3 - -26) + -5 + -3?
15
(-4 - 2) + -20 + (37 - 18)
-7
Calculate -6 - (-17 - (5 + -19 + 8)) - 7.
-2
4 - 6 - -5 - 4 - (1 - 9)
7
Calculate (8 - (-6 + (13 - 12))) + -38.
-25
Evaluate (3 - 11 - -2) + (4 - -3) - 7.
-6
(-1 - 0) + -18 + 581 + -573
-11
Evaluate -3 + 0 + (11 - (-1 + 10)).
-1
Calculate -114 - -156 - ((11 - 0) + -3).
34
Calculate (-6 - (5 + -9 + -1)) + -2.
-3
What is 27 + -10 - 19 - (-1 - -6)?
-7
Calculate 14 + -43 - (22 - 13 - 13).
-25
What is -25 - -1 - ((-19 - (9 + -14)) + 9)?
-19
Calculate (-22 - -14 - -4) + 21.
17
What is -2 - (1 + -7 - (24 - 25) - 0)?
3
What is the value of -5 - -4 - (5 - -4)?
-10
What is 13 + 12 - (15 + -1)?
11
What is 6 + 1 - (10 - ((7 - 29) + 13))?
-12
Evaluate 7 + -3 + 11 - (13 + 3).
-1
Calculate (-21 - -11) + -4 + 0 - 1.
-15
What is -173 - -172 - (-16 - 0)?
15
What is the value of -928 - -931 - (10 + 0)?
-7
What is the value of (4 + 13 - (3 + 0)) + -11?
3
What is the value of -2 + 10 + 0 + -18 + (25 - 13)?
2
(-3 - -9) + ((4 - 7) + 5 - 8)
0
Evaluate (42 - (53 + -21)) + (1 - 1).
10
What is the value of 12 + -15 + 4 + 9?
10
Evaluate 28 - (21 + 17 + -14).
4
11 + (-17 - -14) - (5 + 1)
2
-3 - 2 - (-166 + 157)
4
What is 0 + (8 - 2) + -12 + 4?
-2
What is -4 + -18 + 6 + 6?
-10
24 - 2 - (-6 - -6) - (15 + -17)
24
Evaluate 6 - (27 + -21) - (5 - 0).
-5
Calculate -14 + (0 + 10 - -13).
9
20 + 34 + -67 - (1 + -4)
-10
What is (3 + -13 + 0 - (-10 + 2)) + -28?
-30
Evaluate -17 - -23 - (110 + -95).
-9
Calculate 0 - -3 - (351 - 326).
-22
Evaluate (6 + 2 + -1 - (64 + -59)) + -2.
0
What is the value of -12 - (-9 + 6 + (-3 - -9))?
-15
Evaluate (-5 + -2 + 5 - 3) + 